4?
-51691
Convert 211001010202 (base 3) to base 6.
13144332
Convert -435041 (base 13) to base 9.
-2870848
964076 (base 12) to base 15
31c756
-77750 (base 12) to base 8
-465154
What is 345230 (base 8) in base 6?
2303304
68e09 (base 16) to base 6
13112441
What is 201210212110 (base 3) in base 4?
1133030133
What is 204352243 (base 6) in base 9?
6650550
567239 (base 10) to base 11
3581a2
-10075 (base 11) to base 3
-202012022
Convert -1102201012 (base 3) to base 2.
-110111000111100
10752200 (base 9) to base 10
5230737
What is 20bb898 (base 12) in base 5?
3043022330
Convert -1022201100 (base 3) to base 10.
-26037
Convert 1ba954 (base 12) to base 3.
221011210101
-6000 (base 10) to base 14
-2288
-153153422 (base 6) to base 3
-20002022122212
Convert 36c5c9 (base 13) to base 5.
314000434
Convert -101356 (base 9) to base 7.
-340065
Convert 24044323 (base 5) to base 8.
661216
What is -100313210231 (base 4) in base 3?
-22022122202022
What is 8a205 (base 15) in base 2?
1101011001110100101
Convert 1552233 (base 6) to base 4.
112211331
-3552321 (base 7) to base 8
-1556453
Convert -2336016 (base 7) to base 3.
-112222122200
What is -aa57b (base 12) in base 9?
-373235
What is -365168 (base 10) in base 13?
-ca29b
1239fd (base 16) to base 10
1194493
7e346 (base 15) to base 10
402366
-11001001011010111101 (base 2) to base 9
-1486640
743437 (base 8) to base 14
66327
What is -436982 (base 10) in base 13?
-123b90
Convert -2d08d (base 15) to base 8.
-433552
Convert -18af85 (base 16) to base 8.
-6127605
What is -7a0c62 (base 13) in base 16?
-2c0c71
Convert -10b9a02 (base 15) to base 5.
-11031331002
Convert a325a4 (base 11) to base 3.
10010020002112
-1112000200102 (base 3) to base 4
-3011021030
Convert 23031322301 (base 4) to base 2.
1011001101111010110001
-54e11 (base 15) to base 9
-451067
What is -200010211222 (base 3) in base 10?
-357101
Convert -123320664 (base 7) to base 16.
-77546d
Convert 250005122 (base 6) to base 15.
6405b2
Convert -32012123000 (base 4) to base 3.
-20221210101202
-1a0027 (base 14) to base 13
-263897
Convert 3033211223 (base 5) to base 15.
81680d
Convert 692278 (base 10) to base 8.
2510066
What is -633607 (base 9) in base 8?
-1337521
What is -892d (base 14) in base 8?
-56315
Convert -36310 (base 9) to base 14.
-8c05
What is -122210201022220 (base 3) in base 13?
-1c6399b
What is 113310143 (base 5) in base 14?
d9801
What is 1332021300 (base 4) in base 6?
15024120
What is -dd6d0 (base 15) in base 4?
-2223300321
Convert -242102323 (base 5) to base 6.
-40104211
What is 136306 (base 14) in base 16?
a39b2
Convert -1862b (base 13) to base 12.
-23384
Convert 3ed (base 16) to base 3.
1101020
Convert -10011000011110110001010 (base 2) to base 12.
-180b5a2
What is 112331301201 (base 4) in base 16?
5bdc61
Convert 501565 (base 12) to base 4.
10300113131
Convert -64325105 (base 7) to base 12.
-19b8a12
Convert 4034312 (base 11) to base 2.
11011001110001001111011
2311221 (base 5) to base 13
15b25
Convert 13413 (base 9) to base 5.
242314
5927 (base 10) to base 12
351b
What is -3323024 (base 8) in base 16?
-da614
451881 (base 12) to base 16
10d0a1
What is 234896 (base 11) in base 2?
1011010111011000110
-68045 (base 14) to base 13
-8ac1a
110533 (base 7) to base 10
19477
Convert 1010110110101011 (base 2) to base 16.
adab
380b0a (base 13) to base 10
1344236
Convert 10113103312 (base 4) to base 11.
7115aa
What is 100000011001101000011101 (base 2) in base 5?
4133243342
3001213102 (base 4) to base 8
3014722
-433511a (base 11) to base 10
-7620117
Convert 14a1d0 (base 15) to base 7.
11315631
Convert 10000101101101001110100 (base 2) to base 13.
ba52b1
Convert 3aaa1 (base 13) to base 14.
2bc78
Convert -13096 (base 15) to base 3.
-10002112020
Convert -144a6 (base 15) to base 7.
-361014
What is -9da16 (base 14) in base 8?
-1354644
2223323102 (base 4) to base 2
10101011111011010010
Convert 3176376 (base 8) to base 11.
531577
Convert -60a19c (base 16) to base 14.
-babc4c
What is 1006105 (base 7) in base 12?
59381
21231321311 (base 4) to base 9
4712232
26b9a5 (base 12) to base 7
5314130
Convert 204651 (base 10) to base 8.
617553
What is 32aa2a (base 12) in base 10?
806722
What is 10001100101111000111101 (base 2) in base 11?
266a885
558314 (base 11) to base 15
128841
What is -8a3e91 (base 16) in base 6?
-522104213
What is -180e0 (base 16) in base 9?
-160135
Convert -1341554 (base 6) to base 7.
-433255
302230020 (base 5) to base 14
2375c8
-389a4 (base 15) to base 8
-541476
What is -1a1889 (base 11) in base 15?
-61c22
Convert 2020721 (base 8) to base 10.
532945
1431800 (base 9) to base 16
c08d9
Convert 130000130023 (base 4) to base 6.
421205551
-23a8530 (base 13) to base 10
-11071567
Convert -b797 (base 13) to base 10.
-25474
What is 3030222033 (base 4) in base 13?
234738
Convert -76455155 (base 8) to base 11.
-9296a30
Convert 5761350 (base 8) to base 9.
2845311
3711525 (base 9) to base 6
111110252
What is -213310230 (base 4) in base 6?
-3255100
What is 611516 (base 9) in base 8?
1303024
Convert -5ff (base 16) to base 8.
-2777
12544521 (base 6) to base 13
118573
Convert -2013a (base 13) to base 2.
-1101111111111100
-1159845 (base 10) to base 13
-317bcb
-160d2c (base 14) to base 6
-24305004
Convert -20220001 (base 4) to base 10.
-35329
-37c5e (base 15) to base 10
-178289
-1277050 (base 8) to base 10
-359976
What is 33101a (base 11) in base 8?
2010054
Convert -361481 (base 10) to base 11.
-22764a
Convert -13233012 (base 6) to base 15.
-8a585
3300213223 (base 4) to base 8
3604753
What is a363 (base 16) in base 10?
41827
What is 1387455 (base 10) in base 12?
56ab13
-119841 (base 11) to base 14
-4ca96
-188834 (base 10) to base 16
-2e1a2
1011110001010000111101 (base 2) to base 13
840485
36703 (base 15) to base 3
22211021110
1212302220 (base 5) to base 11
1679912
Convert -112621223 (base 7) to base 5.
-3233222434
-88272 (base 9) to base 13
-20858
1662776 (base 8) to base 12
1b4712
Convert -10101111000111101000010 (base 2) to base 14.
-a95310
Convert -3c653 (base 14) to base 3.
-21120222021
Convert -253254205 (base 6) to base 14.
-92196d
-2104061 (base 8) to base 11
-352111
1797108 (base 10) to base 3
10101022011120
740523 (base 8) to base 13
88029
Convert 11302201 (base 5) to base 4.
121100002
What is -1233783 (base 9) in base 7?
-5466222
3426837 (base 9) to base 5
433124242
What is -2100440 (base 7) in base 13?
-8ab0c
What is -155430233 (base 6) in base 11?
-1987169
Convert 32884 (base 10) to base 7.
164605
What is 427607 (base 13) in base 4?
11330202212
What is 11010132 (base 5) in base 7?
542161
672a9b (base 13) to base 11
1412694
What is 3356770 (base 9) in base 2?
110111001101101111111
-11011101000000110100 (base 2) to base 12
-377a70
Convert 133201131003 (base 4) to base 14.
1151695
3301130021 (base 4) to base 15
148042
What is 3124337 (base 9) in base 10?
1669687
Convert 35012340 (base 7) to base 10.
3062136
What is -102571 (base 8) in base 7?
-201422
-52470 (base 12) to base 10
-107796
Convert 6bea9c (base 15) to base 2.
10011101100011100010100
What is 101150443 (base 6) in base 13?
48c3cc
What is -11011011111101111100 (base 2) in base 5?
-212312423
What is 525520 (base 7) in base 13?
32446
Convert -28bc2 (base 14) to base 16.
-18af6
What is 125501342 (base 6) in base 12?
a11852
What is 221201120 (base 4) in base 10?
170072
-10250212 (base 6) to base 11
-196a2a
What is -10011202012122 (base 3) in base 13?
-4712ba
What is -2541006 (base 7) in base 6?
-11020250
10240424440 (base 5) to base 6
1025021225
Convert 1022583 (base 9) to base 7.
4434204
Convert 100000202021211 (base 3) to base 4.
102103111000
165acb (base 15) to base 2
100001000010001001001
Convert 3d62be (base 16) to base 6.
222120514
Convert 21202122210121 (base 3) to base 6.
224241111
Convert 4c746d (base 15) to base 16.
37fe7c
Convert 2115521 (base 7) to base 11.
165775
What is 979587 (base 12) in base 10?
2401015
Convert -110111000011000011001 (base 2) to base 5.
-430210201
a57498 (base 11) to base 10
1693623
19a841 (base 13) to base 11
405710
Convert 498a8a (base 12) to base 9.
2224367
Convert -3218 (base 10) to base 2.
-110010010010
Convert 12022101110 (base 3) to base 7.
613515
Convert -133312301 (base 5) to base 11.
-426603
Convert 111011001011100010 (base 2) to base 6.
5110122
1018874 (base 9) to base 7
4425415